 2*u + 2. Is p(m) even?
True
Let o be (-6)/(-33) + (-400)/22. Is (o/21 - 0)*-21 a multiple of 18?
True
Let y(r) = -r + 4. Let t be y(-6). Suppose -4*s = -s - 12. Suppose s*f - t = -f. Is f even?
True
Does 25 divide 0 + 1*(-207)/(-3)?
False
Let b be (0/(-2))/(1 + 1). Suppose 0 = -b*d + d - 12. Does 6 divide d?
True
Let d(j) = j**2 - 9*j + 11. Let m be d(8). Let u = 23 - m. Is u a multiple of 10?
True
Let z be 687/(-33) + 2/(-11). Is 4/6 - 133/z a multiple of 7?
True
Suppose -2*f + f + 1 = 0. Is (f + -67)/(6/(-4)) a multiple of 22?
True
Is 17 a factor of (-2)/2 + (-175)/(-5)?
True
Let q be 1 - -6 - (1 - -1). Suppose 4*p - 4*f - 231 = -3*f, 2*p - q*f = 111. Is 12 a factor of p?
False
Let a = 1 + -1. Let s = a + 7. Does 3 divide s?
False
Let x(u) = 13*u + 35. Let w(p) = 3*p + 9. Let n(g) = 9*w(g) - 2*x(g). Suppose -2*v = 7 - 25. Is 11 a factor of n(v)?
False
Suppose 5*l - 149 = 21. Is 4 a factor of l?
False
Let m = 25 + -14. Is m a multiple of 4?
False
Let z = -2 + 112. Is 11 a factor of z?
True
Let s = -33 + 58. Is 5 a factor of s?
True
Suppose 4*x = 11 - 3. Let y(t) = -31*t - 1. Let h be y(-1). Suppose -x*l + h = l. Is l a multiple of 10?
True
Let m(v) = 5*v**2 - v**3 - 7*v**2 + 3 - 2. Let q be m(-3). Let s = q - -6. Is s a multiple of 8?
True
Is 19 a factor of 4/(-6) + 1260/27?
False
Suppose -5*v + 20 = -0*v. Suppose -70 = 6*k - 10. Does 10 divide v/(((-8)/k)/2)?
True
Let q be (1 + -4)*4/(-6). Suppose -l = q, -5*l - 57 = -2*f + f. Is 17 a factor of f?
False
Suppose 10 = h + h, -3*q - 5*h + 205 = 0. Is 10 a factor of q?
True
Is 39 a factor of 1 + 2 - -153 - 0?
True
Let h = -4 - -2. Let f be (h/(-5))/(3/30). Suppose 0 = -f*u - 5*l + 81, l = -5*u - 2*l + 98. Is u a multiple of 8?
False
Let q(j) = 3*j**2 - 4*j + 5. Is 10 a factor of q(3)?
True
Let d(n) = -n**3 + 12*n**2 - 7*n + 25. Does 52 divide d(10)?
False
Let s = -5 - -3. Let n(g) = -5*g**2 - 2*g + 2. Let m(x) = 1. Let f(h) = 4*m(h) - n(h). Is f(s) a multiple of 11?
False
Let j(o) be the second derivative of 0 - 1/20*o**5 + 2/3*o**3 + 5/2*o**2 + 11/12*o**4 + 4*o. Is 17 a factor of j(11)?
False
Suppose 0 = -13*z + 1867 + 291. Is z a multiple of 47?
False
Suppose -4*l + 93 = 6*h - 3*h, 0 = -l - 2*h + 22. Is 4 a factor of l?
True
Suppose 25 = 3*w - 101. Does 21 divide w?
True
Let c(m) be the second derivative of -m**4/12 - 4*m**3/3 - 7*m**2/2 - m. Let p be c(-6). Suppose -4*j + 31 = -4*h + 3*h, 3*j - 36 = p*h. Is j a multiple of 7?
True
Let s = 118 - 70. Is 12 a factor of s?
True
Let i be -1 - -70 - (4 - 2). Suppose i = 2*h - 9. Does 29 divide h?
False
Is 9 a factor of -3 + 17 + 4 + 0?
True
Let c(b) = 14*b - 12. Is 20 a factor of c(6)?
False
Let b(h) = 5*h - 3. Let i be b(3). Suppose 2*s = -2*w - 72, w - i = s + 16. Let n = -22 - s. Is 4 a factor of n?
False
Suppose 0 = 2*m - 5*h - 191, m = 3*h + 118 - 23. Is 39 a factor of m?
False
Let f(p) = p**3 - 8*p**2 + 6*p + 1. Let b be f(7). Let i be ((-5)/15)/(1/b). Suppose -i*u + u = -4. Is u a multiple of 2?
True
Does 4 divide 2/(-3)*(11 - 41)?
True
Suppose 0*j - z = -5*j + 120, 0 = -5*z. Does 12 divide j?
True
Is 1/(3/461) - 6/9 a multiple of 17?
True
Suppose -2*p - 26 = -w - 0*p, 5*w + p = 152. Is w a multiple of 6?
True
Suppose -12 = 2*n - 2*i, -i = 5*n + 2*i + 6. Let g be 5 + n + -4 + 7. Suppose -q + 23 = g. Is q a multiple of 9?
True
Suppose 0 = -6*k + k - 5, -2*t - 3*k = -97. Let a be (-2*1)/(5/t). Let s = a + 35. Is s a multiple of 6?
False
Let v(k) = 24*k**2 + 1. Let s = 0 - 1. Is v(s) a multiple of 14?
False
Let u be (-3 - -7)*(-2)/(-4). Let m be 15/u*(-4)/(-6). Suppose -3*j + 4*j - 8 = -m*y, 2*j - 16 = -2*y. Is 3 a factor of j?
False
Suppose 60 = -6*m + 2*m. Let a be (-40)/m - (-4)/(-6). Is 6 a factor of -1 + (a - 1) - -6?
True
Let z be -12 - (-1 + (-4)/2). Let p(a) be the second derivative of -a**3/2 - 5*a**2/2 + a. Does 11 divide p(z)?
True
Suppose -15 = 4*y - n - 3, -2*y + 3*n + 4 = 0. Let b be (4/5)/(3/30). Let l = b + y. Does 2 divide l?
True
Is 12 a factor of 164/14 - 2/(-7)?
True
Let z(m) = -1 + 8*m - 1 + 4*m + 1. Let d be z(-1). Let b = d + 36. Does 8 divide b?
False
Let i(c) = c + 46. Is i(-27) a multiple of 19?
True
Let c = 6 + -4. Suppose -z = -0 + c. Let h = z + 11. Is h a multiple of 9?
True
Let u = 17 + 11. Suppose y = 3*y - u. Is y a multiple of 5?
False
Suppose 6 - 3 = -3*b. Let y = 17 - b. Is 18 a factor of y?
True
Let g = 25 - 1. Is g a multiple of 12?
True
Suppose -8 = -3*f - 2. Suppose -2*d + 76 = f*s, 2*d - 44 = -5*s + 26. Does 22 divide d?
False
Let m(j) be the second derivative of -j**5/60 - j**4/8 + j**3/2 - 3*j. Let h(a) be the second derivative of m(a). Is h(-3) a multiple of 3?
True
Let f = -4 - -34. Is f*1 + (-1)/(-1) a multiple of 11?
False
Let r(v) = v**3 + v**2 - 2*v + 3. Suppose 0 = -5*t - 13 - 2, 5*l - t - 18 = 0. Is r(l) a multiple of 13?
False
Let f(y) = y**2 + 6*y + 7. Let q be f(-5). Let x be (-16)/(-4)*(-25)/q. Is 10 a factor of (x/(-4))/(-5)*-4?
True
Let x(p) = 3*p**2 - 2. Is 9 a factor of x(-3)?
False
Suppose 0 = -2*s + 151 - 91. Does 10 divide s?
True
Let i = 16 - -32. Is 24 a factor of i?
True
Is 41 a factor of (-2020)/(-50) - 6/(-10)?
True
Suppose 0 = -n - 2*s + 7, -3*s = 4*n + 3 - 26. Suppose 3*x + 106 = n*x. Does 19 divide x?
False
Let z = 215 - 144. Does 30 divide z?
False
Let y = 5 + -2. Let o be 14 + -3 + 3 + 0. Suppose 0 = -u + y + o. Is 6 a factor of u?
False
Suppose k - 1 = 4. Is 2 a factor of k?
False
Suppose -3*h + h = 2, o = 2*h + 382. Let r = o - 212. Suppose 5*b = b + r. Does 19 divide b?
False
Let d(y) = 2*y - 27. Let i(k) = -3*k + 40. Let a(o) = -8*d(o) - 5*i(o). Suppose 4 = -p + s, 3*s = -5*p - 2*s + 20. Is a(p) a multiple of 7?
False
Suppose 0*t - 2 = 4*w + 3*t, 4*t = 8. Is 17 a factor of 4 + w + 0 + 17?
False
Suppose 2*o = -o. Suppose 2*x - 32 = -l, o*x - 3*l + 6 = x. Let k = 3 + x. Is k a multiple of 8?
False
Suppose 2*n + 9 + 4 = -3*v, 5*n + 24 = v. Does 8 divide ((-18)/27)/(v/24)?
True
Let h(b) = b**2 - 4*b - 3. Let g be h(5). Let y(d) be the third derivative of 2*d**5/15 - d**4/8 - d**2. Is 13 a factor of y(g)?
True
Is 1/(2 + (-35)/18) a multiple of 6?
True
Let h(o) be the third derivative of -o**4/6 - 5*o**3/3 - 4*o**2. Does 18 divide h(-7)?
True
Suppose -2*j + n + 0*n - 11 = 0, 2*j + 2 = -2*n. Let u(q) = -8*q - 8. Does 8 divide u(j)?
True
Let b = -260 - -592. Is b a multiple of 16?
False
Suppose 0 = 3*c - 5*l - 3, 0 = 2*c - 5*c - 3*l + 3. Suppose 6*y - 2*y = 0. Is 1/c - (-2 + y) a multiple of 3?
True
Suppose 44 = -2*v + 24. Is (-582)/(-30) - (-4)/v a multiple of 6?
False
Let s(l) = -l - 14. Let f(y) = -1. Let n(h) = -22*f(h) + 2*s(h). Is n(-6) a multiple of 3?
True
Let n(l) = l**2 + 14*l + 5. Let g be n(-14). Suppose 0*p - 26 = -3*p - g*k, 2*k = 2*p - 12. Does 5 divide p?
False
Suppose 152 - 16 = 4*z. Let g be (-8)/(-36) - 52/(-9). Suppose 4*p - z = g. Does 4 divide p?
False
Suppose 0 = -2*d - 0 + 4. Let m(g) = 3*g**d + 1 + 0*g**2 - 2*g**2 + g. Is m(3) a multiple of 13?
True
Let x(r) = 6*r - 4. Let u be x(-5). Let b = 74 + u. Does 10 divide 3/(6/b) + 0?
True
Suppose -3*w - 92 = v - 3*v, -w - 230 = -5*v. Suppose -3*p = -2*p - v. Is p a multiple of 20?
False
Is 5 a factor of (-37)/(-4) - 18/(-24)?
True
Let l be 37/2*(1 + 1). Suppose 0 = -2*y + l + 23. Is 10 a factor of y?
True
Let v(m) = -m**2 - 8*m - 4. Let z be v(-8). Let b(o) = -o**3 - 3*o**2 + 4*o + 5. Let a be b(z). Suppose 117 = -2*h + a*h. Is 18 a factor of h?
False
Let u = 5 + -1. Let c(j) = 79*j**2 + j. Let f be c(1). Suppose 0 = n + u*n - f. Does 8 divide n?
True
Let d(u) = 11*u**2 + 5 + 1 - 5*u - 4*u**2 - u**3. Is 9 a factor of d(6)?
False
Let w(q) be the first derivative of 7*q**5/120 + q**4/12 + q**3 - 2. Let j(o) be the third derivative of w(o). Does 15 divide j(4)?
True
Suppose -8*b + 3*b + 259 = x, 3*x = -3. Suppose 51 = -5*k - 5*u + 221, -k - 2*u + 38 = 0. Let j = b - k. Is j a multiple of 11?
True
Let y(a) = a**3 + 7*a**2 + 5*a - 5. Let x(w) = 17*w**3 - 8*w**2 + 5 + 1 - 6*w - 18*w**3. Let j(d) = -4*x(d) - 5*y(d). Does 7 divide j(-4)?
True
Let j(c) = 7*c - 10. Let o(b) = 8*b - 11. Let r(d) = -5*j(d) + 4*o(d). Let p be r(-7). Is 18 a factor of (-164)/(-9) - 6/p?
True
Suppose -191 = -4*n - 15. Is 11 a factor of n?
True
Let l be -2 - (-2 + 0) - -6. Suppose -6*q + 2 = 3*h - q, -5*h - l = -q. Does 10 divide 1*-29